{"id":67631,"date":"2025-02-07T09:49:44","date_gmt":"2025-02-07T08:49:44","guid":{"rendered":"https:\/\/www.creactive-paris.fr\/accessibilite-partiellement-conforme\/"},"modified":"2025-02-07T09:49:44","modified_gmt":"2025-02-07T08:49:44","slug":"accessibilite-partiellement-conforme","status":"publish","type":"page","link":"https:\/\/www.creactive-paris.fr\/en\/accessibilite-partiellement-conforme\/","title":{"rendered":"Accessibilit\u00e9 : partiellement conforme"},"content":{"rendered":"<ul>\n<li><a href=\"https:\/\/www.creactive-paris.fr\/schema-pluriannuel-daccessibilite\/\">Sch\u00e9ma pluriannuel d\u2019accessibilit\u00e9<\/a><\/li>\n<li><a href=\"https:\/\/www.creactive-paris.fr\/plan-annuel-daccessibilite-pour-2023-de-creactive-paris\/\">Plan annuel d\u2019accessibilit\u00e9 pour 2023 de Creactive Paris<\/a><\/li>\n<li><a href=\"https:\/\/www.creactive-paris.fr\/declaration-daccessibilite-du-site-creactive-paris-com-au-rgaa\/\">D\u00e9claration d\u2019accessibilit\u00e9 du site creactive-paris.fr au R\u00e9f\u00e9rentiel G\u00e9n\u00e9ral d\u2019Accessibilit\u00e9 pour les Administrations (RGAA)<\/a><\/li>\n<\/ul>\n","protected":false},"excerpt":{"rendered":"<p>Sch\u00e9ma pluriannuel d\u2019accessibilit\u00e9 Plan annuel d\u2019accessibilit\u00e9 pour 2023 de Creactive Paris D\u00e9claration d\u2019accessibilit\u00e9 du site creactive-paris.fr au R\u00e9f\u00e9rentiel G\u00e9n\u00e9ral d\u2019Accessibilit\u00e9 pour les Administrations (RGAA)<\/p>\n","protected":false},"author":1,"featured_media":0,"parent":0,"menu_order":24,"comment_status":"closed","ping_status":"closed","template":"","meta":{"_acf_changed":false,"footnotes":""},"class_list":["post-67631","page","type-page","status-publish","hentry"],"acf":[],"_links":{"self":[{"href":"https:\/\/www.creactive-paris.fr\/en\/wp-json\/wp\/v2\/pages\/67631","targetHints":{"allow":["GET"]}}],"collection":[{"href":"https:\/\/www.creactive-paris.fr\/en\/wp-json\/wp\/v2\/pages"}],"about":[{"href":"https:\/\/www.creactive-paris.fr\/en\/wp-json\/wp\/v2\/types\/page"}],"author":[{"embeddable":true,"href":"https:\/\/www.creactive-paris.fr\/en\/wp-json\/wp\/v2\/users\/1"}],"replies":[{"embeddable":true,"href":"https:\/\/www.creactive-paris.fr\/en\/wp-json\/wp\/v2\/comments?post=67631"}],"version-history":[{"count":0,"href":"https:\/\/www.creactive-paris.fr\/en\/wp-json\/wp\/v2\/pages\/67631\/revisions"}],"wp:attachment":[{"href":"https:\/\/www.creactive-paris.fr\/en\/wp-json\/wp\/v2\/media?parent=67631"}],"curies":[{"name":"wp","href":"https:\/\/api.w.org\/{rel}","templated":true}]}}

Accessibilité : partiellement conforme

<ul>
<li><a href="https://www.creactive-paris.fr/schema-pluriannuel-daccessibilite/">Schéma pluriannuel d’accessibilité</a></li>
<li><a href="https://www.creactive-paris.fr/plan-annuel-daccessibilite-pour-2023-de-creactive-paris/">Plan annuel d’accessibilité pour 2023 de Creactive Paris</a></li>
<li><a href="https://www.creactive-paris.fr/declaration-daccessibilite-du-site-creactive-paris-com-au-rgaa/">Déclaration d’accessibilité du site creactive-paris.fr au Référentiel Général d’Accessibilité pour les Administrations (RGAA)</a></li>
</ul>

<p>Schéma pluriannuel d’accessibilité Plan annuel d’accessibilité pour 2023 de Creactive Paris Déclaration d’accessibilité du site creactive-paris.fr au Référentiel Général d’Accessibilité pour les Administrations (RGAA)</p>
